/35 + 4/(-10)?
5
Let z(s) = -s + 31 - 28 - 3*s - 18. What is the tens digit of z(-7)?
1
Let k(j) be the third derivative of j**5/40 - j**4/2 - j**3/2 + 5*j**2. Let l(f) be the first derivative of k(f). What is the tens digit of l(11)?
2
Let x(n) = 12*n + 168. What is the units digit of x(20)?
8
Let h(c) = -23*c - 5. Let x(f) = -24*f - 4. Let l(a) = -4*h(a) + 5*x(a). What is the tens digit of l(-2)?
5
Suppose 802 = w + 23. What is the tens digit of w?
7
What is the hundreds digit of (-3)/21 + 172/28 + 1910?
9
Let g(i) = 2*i**3 + i**2 + 3*i + 1. Let r(s) = -s**3 - 6*s**2 - 2. Let p be r(-6). Let w be g(p). Let k = 54 + w. What is the tens digit of k?
3
Let z(b) = b**3 - 30*b**2 + 6*b - 305. What is the hundreds digit of z(32)?
9
Let a = 1508 + -798. What is the tens digit of a?
1
Suppose -5*y - 1917 - 4583 = -3*b, 4355 = 2*b + y. What is the tens digit of b?
7
Let r(n) = 2*n + 2. Let j(u) = 5*u**2 + 8*u + 9. Let z(c) = -c**2. Let m(k) = j(k) + 4*z(k). Let l be m(-7). What is the units digit of r(l)?
6
Suppose -3*y + 32 = -y. Suppose -3*d = 2*c - y, -d - 2*d = 4*c - 26. Suppose -3*u + 13 + d = 0. What is the units digit of u?
5
Let n(j) = 743*j + 26. What is the units digit of n(2)?
2
Let o = 354 + -245. Suppose 2*l = -3*q + 69, 4*l + q + o = 7*l. What is the tens digit of l?
3
Suppose -28*z + 26*z = -94. Let v = z + -10. What is the units digit of v?
7
Let u(h) = -h**3 + h**2 + h + 47. Let t be u(0). Suppose m = -5*c + 534, c - 5*m - t = 39. What is the tens digit of c?
0
Let s = 336 - 205. Suppose 0 = 2*r - 3*i - s, -2*i + 5*i + 253 = 4*r. What is the units digit of r?
1
Let n = 16 - 9. Suppose 11*p = n*p. Suppose -5*z + 3*m + 191 = p, 32 + 38 = 2*z + 2*m. What is the units digit of z?
7
Suppose 0 = 2*z - 597 - 529. What is the tens digit of z?
6
Suppose -3*c + 6*c - 327 = 0. Suppose -3*o = -3*r + 105, -3*r = -o + 2*o - c. Let p = r - 35. What is the units digit of p?
1
Suppose 1788 = m + 2*m + p, 0 = -5*p + 15. What is the tens digit of m?
9
Suppose -11*v = -9*v + 5*o - 2295, 4*v + 2*o = 4598. What is the tens digit of v?
5
Let r = 13 - 8. Suppose -r*m + 2*m + s + 176 = 0, 8 = 2*s. What is the units digit of m?
0
Suppose 0 = 5*d - 15, -5*b = -0*b + 3*d + 346. What is the units digit of b/(((-3)/6)/(-1 - -2))?
2
Suppose -y + 8*f + 785 = 6*f, -2*f - 2355 = -3*y. What is the tens digit of y?
8
Suppose -5*a + o - 257 = 0, -122 - 71 = 4*a - 5*o. What is the tens digit of -6*a/36*3?
2
Let r(s) = s**2 + 15*s + 27. Let w be r(-14). Suppose -w*a + 7*a = -210. What is the tens digit of a?
3
Let h(q) = -87*q**3 + q**2 + 7*q + 6. What is the units digit of h(-1)?
7
Let u be (-2)/6 - (-80)/24. Suppose c - 15 = -4*v, -7*c = -2*c - u*v - 52. What is the tens digit of c?
1
What is the tens digit of (-1)/(3177/(-396) - -8)?
4
Suppose 6*b - 1703 = 235. Let m = -221 + b. What is the units digit of m?
2
Let j be 0*(36/(-16) - -2). Suppose -p + 4*l = 5, 3*p - 33 = -4*l - j. Suppose 0 = p*o - o - 72. What is the units digit of o?
2
Suppose 6*a - 127 = 7*a. Let k = 82 - a. What is the units digit of k?
9
Let z(l) = l**3 + 9*l**2 - 25*l - 24. Let q be z(-10). Suppose 5*r - 19 = -4. Suppose q = 5*i + r*h, 4*i - 2*h - 33 = 3*i. What is the units digit of i?
7
Let j(t) = 6*t**2 + 2*t + 3. Let w be j(2). Suppose -118 = -2*a + 4*z, -4*a + 4*z + 205 = -w. What is the tens digit of a?
5
Let g(t) be the second derivative of -t**5/20 - 7*t**4/12 - t**3/6 - 3*t**2/2 - 4*t. Let p be g(-5). Let c = p + 76. What is the units digit of c?
8
Let t = 1437 + -608. What is the hundreds digit of t?
8
Suppose 87*t - 27*t - 86940 = 0. What is the units digit of t?
9
Suppose -2*m + 18*j = 16*j - 6102, 0 = 2*j - 6. What is the thousands digit of m?
3
Let c be 3 - (6 + 4)/(-1). Let g(r) = -2*r**2 + 28*r - 3. What is the tens digit of g(c)?
2
Suppose -1 = -3*z - z - i, 4*z + 3 = 3*i. Let j be -1*(z + 2)/2. What is the tens digit of ((-108)/16 + j)*-4?
3
Suppose 7*a + 3*x = 2*a + 5047, -5054 = -5*a + 4*x. What is the units digit of a?
0
What is the tens digit of (-2)/(-6)*(23 + -5) + 990?
9
Suppose -5*h - d = -4424, h - 2*d - 2644 = -2*h. What is the tens digit of h?
8
Suppose -5*c = 7*q - 2*q - 5, 5*q = -5. Let j = c - -3. Suppose j*k - 18 = 17. What is the units digit of k?
7
Suppose 5 + 15 = -4*j, 66 = p + 5*j. Suppose 3*n + p = 451. What is the tens digit of n?
2
Let b(r) be the first derivative of 2*r**2 - 15*r - 12. What is the units digit of b(7)?
3
Suppose 0 = -l + 3*o - 19, 2*l = 2*o - 53 + 3. Let f(q) = q**2 - 7*q - 1. Let m be f(5). Let i = m - l. What is the units digit of i?
7
Let t = 55 + -48. Suppose -4*p + 101 = -t. What is the tens digit of p?
2
Let b be (-27)/(-15) + 1/5. Suppose -s + 8 = b. Let f(v) = 2*v**2 - 8*v + 7. What is the units digit of f(s)?
1
Suppose 74 + 86 = 2*f. What is the units digit of f?
0
Let d = 16 + -25. Let j = 7 + -5. What is the units digit of 3*j/d*-12?
8
Let q(o) = 2*o + 3. Let z be q(-19). Suppose m + 18 - 69 = 0. Let n = m + z. What is the tens digit of n?
1
Let q = -82 - -77. What is the units digit of 3/15*477 - 3/q?
6
Let u = -1 - -1. Suppose 4*x + 5*p - 320 = 3*p, u = 3*x + p - 240. Suppose 0 = -6*i + i + x. What is the units digit of i?
6
Suppose 3*n + 41 = 152. Let a = 70 - n. What is the units digit of a?
3
Let r be (4/6)/(12/126). Suppose -r*w = 39 - 1047. What is the tens digit of w?
4
Let c = 7 + -5. What is the tens digit of (15/(-6))/(c/(-12))?
1
Let p(z) = 4*z**2 - 41*z + 90. What is the units digit of p(20)?
0
Let z = -86 - -91. What is the units digit of z?
5
Let m = 651 - 306. What is the tens digit of m?
4
Suppose -3*j + 2491 = z - 6*z, 4177 = 5*j - 2*z. What is the hundreds digit of j?
8
Suppose -18 + 6 = 3*k. Let t(z) be the second derivative of -3*z**3/2 + z**2/2 + 4*z. What is the units digit of t(k)?
7
What is the tens digit of 4/(-70) - (-20046)/455?
4
Let w(d) = 228*d**3 + 4*d**2 + 4*d. Let z be w(-1). Let l = z - -532. What is the units digit of l?
4
Let l(a) = -a**3 + 21*a**2 + 78*a - 36. What is the thousands digit of l(21)?
1
Suppose 3*q + 1250 = 4880. What is the thousands digit of q?
1
Suppose -21*m = -12*m - 18. Suppose -4*j - 448 = -m*g, 4*g - 2*j = 3*j + 887. What is the tens digit of g?
1
Let h be 893 - 2 - (0 + 0). Suppose 3*z = -51 + h. What is the tens digit of z/7 - 1*4?
3
Suppose -38*n + 72982 + 13848 = 0. What is the hundreds digit of n?
2
Let v(l) = 33*l**2 - l + 1. Let k be v(1). Let t = 324 + -278. Let u = t - k. What is the units digit of u?
3
Let o = 6 - 6. Suppose -4*z - 5*h - 8 = 0, 0 = -2*z - o*h + h + 10. What is the units digit of z?
3
Suppose -2 - 6 = 4*w. Let n = 714 + -469. What is the tens digit of n/10 - 3/w?
2
Let h = 143 + -178. Let w = 36 + h. What is the units digit of w?
1
Let v be 1*14*(-13)/(-2). Let w = v - 39. What is the tens digit of w?
5
Let j(t) = -t**3 + 6*t**2 - 4*t - 5. Let y be j(5). Let w = y + -4. Let z = w - -22. What is the tens digit of z?
1
Suppose -2*h + 4834 = -j, 6*h - 7*h + 2408 = -5*j. What is the units digit of h?
8
Let r be (-1)/(((-28)/708)/(-7)). Let x = r - -258. What is the tens digit of x?
8
Let d(y) = y - 16 + 10 + y. What is the units digit of d(7)?
8
Let x(v) = 12*v**2 - 6*v - 6. Let m be x(6). Suppose -48*s + m = -46*s. What is the hundreds digit of s?
1
Suppose 0 = -5*g - 2*j + 15, -3*g = g + j - 12. Suppose 0 = g*r - 189. What is the tens digit of r?
6
What is the units digit of (685 - (-13)/1)*(-1 + 5)?
2
Suppose 3*u + 185 = -4*h, -u - 245 = 5*h - 0*h. Let k = h - -120. What is the tens digit of k?
7
Let t(j) = 23*j. Let c(x) = -x + 1. Let k(g) = 6*c(g) + t(g). Let s be k(-8). What is the units digit of (52/(-10))/(13/s)?
2
Let m be (6/(-4))/(1/(-2)). Suppose m*z + 53 = w, -3*z + 4*w + 22 = 72. What is the tens digit of -1 + (1 - z - -1)?
1
Suppose 8 = -2*z, 5*z + 1030 = 3*b + 7*z. What is the hundreds digit of b?
3
Let d = -4028 - -6317. What is the tens digit of d?
8
Let l(h) = 4*h + 6. Let u(v) = -3*v - 6. Let q(t) = 2*l(t) + 3*u(t). Let k be q(-8). Suppose k*c = c + 21. What is the tens digit of c?
2
Let s be (184/(-24))/((-1)/15). Suppose s = -h + 6*h. Suppose -110 = -3*v + 2*l, -2*v - 4*l + 77 = -h. What is the units digit of v?
0
Let l(k) = -78*k + 1. Let z be l(-1). Suppose 2*t = 5*y - 4 + 71, t = -5*y - z. Let x = 23 + y. What is the unit